{"id":724,"date":"2018-11-27T09:17:42","date_gmt":"2018-11-27T09:17:42","guid":{"rendered":"https:\/\/paroquiasaogeraldo.org.br\/?page_id=724"},"modified":"2022-02-24T08:59:26","modified_gmt":"2022-02-24T11:59:26","slug":"projects","status":"publish","type":"page","link":"https:\/\/paroquiasaogeraldo.org.br\/?page_id=724","title":{"rendered":"Projects"},"content":{"rendered":"\t\t<div data-elementor-type=\"wp-post\" data-elementor-id=\"724\" class=\"elementor elementor-724\" data-elementor-settings=\"[]\">\n\t\t\t\t\t\t<div class=\"elementor-inner\">\n\t\t\t\t\t\t\t<div class=\"elementor-section-wrap\">\n\t\t\t\t\t\t\t<section class=\"elementor-section elementor-top-section elementor-element elementor-element-7ac9ca5 elementor-section-boxed elementor-section-height-default elementor-section-height-default\" data-id=\"7ac9ca5\" data-element_type=\"section\" data-settings=\"{&quot;background_background&quot;:&quot;classic&quot;}\">\n\t\t\t\t\t\t\t<div class=\"elementor-background-overlay\"><\/div>\n\t\t\t\t\t\t\t<div class=\"elementor-container elementor-column-gap-default\">\n\t\t\t\t\t\t\t<div class=\"elementor-row\">\n\t\t\t\t\t<div class=\"elementor-column elementor-col-100 elementor-top-column elementor-element elementor-element-90988fe\" data-id=\"90988fe\" data-element_type=\"column\">\n\t\t\t<div class=\"elementor-column-wrap elementor-element-populated\">\n\t\t\t\t\t\t\t<div class=\"elementor-widget-wrap\">\n\t\t\t\t\t\t<div class=\"elementor-element elementor-element-4a1c612 elementor-widget elementor-widget-heading\" data-id=\"4a1c612\" data-element_type=\"widget\" data-widget_type=\"heading.default\">\n\t\t\t\t<div class=\"elementor-widget-container\">\n\t\t\t<h1 class=\"elementor-heading-title elementor-size-default\">Galeria de fotos<\/h1>\t\t<\/div>\n\t\t\t\t<\/div>\n\t\t\t\t\t\t<\/div>\n\t\t\t\t\t<\/div>\n\t\t<\/div>\n\t\t\t\t\t\t\t\t<\/div>\n\t\t\t\t\t<\/div>\n\t\t<\/section>\n\t\t\t\t<section class=\"elementor-section elementor-top-section elementor-element elementor-element-8262e30 elementor-section-content-middle elementor-section-boxed elementor-section-height-default elementor-section-height-default\" data-id=\"8262e30\" data-element_type=\"section\">\n\t\t\t\t\t\t\t<div class=\"elementor-background-overlay\"><\/div>\n\t\t\t\t\t\t\t<div class=\"elementor-container elementor-column-gap-no\">\n\t\t\t\t\t\t\t<div class=\"elementor-row\">\n\t\t\t\t\t<div class=\"elementor-column elementor-col-100 elementor-top-column elementor-element elementor-element-da6ae65\" data-id=\"da6ae65\" data-element_type=\"column\">\n\t\t\t<div class=\"elementor-column-wrap elementor-element-populated\">\n\t\t\t\t\t\t\t<div class=\"elementor-widget-wrap\">\n\t\t\t\t\t\t<div class=\"elementor-element elementor-element-b0fabca elementor-position-top elementor-vertical-align-top elementor-widget elementor-widget-image-box\" data-id=\"b0fabca\" data-element_type=\"widget\" data-widget_type=\"image-box.default\">\n\t\t\t\t<div class=\"elementor-widget-container\">\n\t\t\t<div class=\"elementor-image-box-wrapper\"><div class=\"elementor-image-box-content\"><h2 class=\"elementor-image-box-title\">Grupo de catequese<\/h2><p class=\"elementor-image-box-description\">Alguns registros das Catequista de Nossa Par\u00f3quia junto com as crian\u00e7as do grupo de Catequese.<\/p><\/div><\/div>\t\t<\/div>\n\t\t\t\t<\/div>\n\t\t\t\t<div class=\"elementor-element elementor-element-6fecb3a elementor-pagination-position-outside elementor-widget elementor-widget-image-carousel\" data-id=\"6fecb3a\" data-element_type=\"widget\" data-settings=\"{&quot;slides_to_show&quot;:&quot;3&quot;,&quot;slides_to_scroll&quot;:&quot;1&quot;,&quot;navigation&quot;:&quot;dots&quot;,&quot;slides_to_show_tablet&quot;:&quot;2&quot;,&quot;slides_to_show_mobile&quot;:&quot;1&quot;,&quot;autoplay&quot;:&quot;no&quot;,&quot;infinite&quot;:&quot;yes&quot;,&quot;speed&quot;:500,&quot;image_spacing_custom&quot;:{&quot;unit&quot;:&quot;px&quot;,&quot;size&quot;:20,&quot;sizes&quot;:[]}}\" data-widget_type=\"image-carousel.default\">\n\t\t\t\t<div class=\"elementor-widget-container\">\n\t\t\t\t\t<div class=\"elementor-image-carousel-wrapper swiper-container\" dir=\"ltr\">\n\t\t\t<div class=\"elementor-image-carousel swiper-wrapper swiper-image-stretch\">\n\t\t\t\t\t\t\t\t<div class=\"swiper-slide\"><figure class=\"swiper-slide-inner\"><img decoding=\"async\" class=\"swiper-slide-image\" src=\"https:\/\/paroquiasaogeraldo.org.br\/wp-content\/uploads\/elementor\/thumbs\/odilo-pedro-scherer-pkxyz9apbax8ziiwtrjir99ztuw1m1f6xrje02dh5k.jpg\" alt=\"Grupo de Catequistas\" \/><\/figure><\/div><div class=\"swiper-slide\"><figure class=\"swiper-slide-inner\"><img decoding=\"async\" class=\"swiper-slide-image\" src=\"https:\/\/paroquiasaogeraldo.org.br\/wp-content\/uploads\/elementor\/thumbs\/273812154_4599082003534167_1366949333650450303_n-pkxyz8cv4gvynwk9z94w6rij8h0oecbglmvwisevbs.jpg\" alt=\"Grupo de Catequistas\" \/><\/figure><\/div><div class=\"swiper-slide\"><figure class=\"swiper-slide-inner\"><img decoding=\"async\" class=\"swiper-slide-image\" src=\"https:\/\/paroquiasaogeraldo.org.br\/wp-content\/uploads\/elementor\/thumbs\/273766784_4599082000200834_2075804427961320210_n-pkxyz6h6qste0on0a8bn1rzm1p9xyy3zxdkxk8hno8.jpg\" alt=\"Grupo de Catequistas\" \/><\/figure><\/div><div class=\"swiper-slide\"><figure class=\"swiper-slide-inner\"><img decoding=\"async\" class=\"swiper-slide-image\" src=\"https:\/\/paroquiasaogeraldo.org.br\/wp-content\/uploads\/elementor\/thumbs\/273745218_4599081996867501_2141610368088337791_n-pkxyz5jcjys3p2odfpx0ha85gbekr909l8xg2yj1ug.jpg\" alt=\"Grupo de Catequistas\" \/><\/figure><\/div><div class=\"swiper-slide\"><figure class=\"swiper-slide-inner\"><img decoding=\"async\" class=\"swiper-slide-image\" src=\"https:\/\/paroquiasaogeraldo.org.br\/wp-content\/uploads\/elementor\/thumbs\/268042180_4375783849197318_2519547625984869470_n-pkxyyyyh84j3fsxxi52mhtvxamb09da58cd1q0st20.jpg\" alt=\"Grupo de Catequese\" \/><\/figure><\/div><div class=\"swiper-slide\"><figure class=\"swiper-slide-inner\"><img decoding=\"async\" class=\"swiper-slide-image\" src=\"https:\/\/paroquiasaogeraldo.org.br\/wp-content\/uploads\/elementor\/thumbs\/267905078_4375783845863985_2472377744435862322_n-pkxyyx2suggisl0nt49dcud03uk9tz2ok322rgvleg.jpg\" alt=\"Grupo de Catequese\" \/><\/figure><\/div><div class=\"swiper-slide\"><figure class=\"swiper-slide-inner\"><img decoding=\"async\" class=\"swiper-slide-image\" src=\"https:\/\/paroquiasaogeraldo.org.br\/wp-content\/uploads\/elementor\/thumbs\/267623223_4375783852530651_8428870191123082581_n-pkxyypk3bs687pbl110csw9bcrlc4e8tv1u6x96qs8.jpg\" alt=\"Con\u00eago Jos\u00e9 Augusto\" \/><\/figure><\/div><div class=\"swiper-slide\"><figure class=\"swiper-slide-inner\"><img decoding=\"async\" class=\"swiper-slide-image\" src=\"https:\/\/paroquiasaogeraldo.org.br\/wp-content\/uploads\/elementor\/thumbs\/267516224_4375783855863984_847253563824950123_n-pkxyyom94y4xw3cy6ilq8ehurdpywp53ix6pfz84yg.jpg\" alt=\"grupo de catequese\" \/><\/figure><\/div><div class=\"swiper-slide\"><figure class=\"swiper-slide-inner\"><img decoding=\"async\" class=\"swiper-slide-image\" src=\"https:\/\/paroquiasaogeraldo.org.br\/wp-content\/uploads\/elementor\/thumbs\/263773583_4349365718505798_6100401703567321697_n-pkxyynoey43nkhebc073nwqe5zulp01d6sj7yp9j4o.jpg\" alt=\"Grupo de Catequistas\" \/><\/figure><\/div><div class=\"swiper-slide\"><figure class=\"swiper-slide-inner\"><img decoding=\"async\" class=\"swiper-slide-image\" src=\"https:\/\/paroquiasaogeraldo.org.br\/wp-content\/uploads\/elementor\/thumbs\/261157987_4345899812185722_8821256025302870092_n-pkxyyiz7zxx7yfl53g5ytfx372hrmiipi59skbghzs.jpg\" alt=\"Catequese\" \/><\/figure><\/div><div class=\"swiper-slide\"><figure class=\"swiper-slide-inner\"><img decoding=\"async\" class=\"swiper-slide-image\" src=\"https:\/\/paroquiasaogeraldo.org.br\/wp-content\/uploads\/elementor\/thumbs\/262114257_4331020797006957_4255910040872896520_n-pkxyyjx26ryia1jrxykldxojsgd4u7mfu9xa1lf3tk.jpg\" alt=\"Catequese\" \/><\/figure><\/div><div class=\"swiper-slide\"><figure class=\"swiper-slide-inner\"><img decoding=\"async\" class=\"swiper-slide-image\" src=\"https:\/\/paroquiasaogeraldo.org.br\/wp-content\/uploads\/elementor\/thumbs\/262479224_4349365708505799_3536860075430130415_n-pkxyyjx26ryia1jrxykldxojsgd4u7mfu9xa1lf3tk.jpg\" alt=\"grupo de Catequistas\" \/><\/figure><\/div><div class=\"swiper-slide\"><figure class=\"swiper-slide-inner\"><img decoding=\"async\" class=\"swiper-slide-image\" src=\"https:\/\/paroquiasaogeraldo.org.br\/wp-content\/uploads\/elementor\/thumbs\/262576238_4345941938848176_1676859623661085885_n-pkxyylsqkg12x9h1mzduix7gz83v9ltwij8905cbh4.jpg\" alt=\"Catequese\" \/><\/figure><\/div><div class=\"swiper-slide\"><figure class=\"swiper-slide-inner\"><img decoding=\"async\" class=\"swiper-slide-image\" src=\"https:\/\/paroquiasaogeraldo.org.br\/wp-content\/uploads\/elementor\/thumbs\/260077359_4345941925514844_3762734547873448585_n-pkxyyi1dt3vxmtmi8xrc8y5mlomeetez60mb31hw60.jpg\" alt=\"Catequese\" \/><\/figure><\/div>\t\t\t<\/div>\n\t\t\t\t\t\t\t\t\t\t\t\t<div class=\"swiper-pagination\"><\/div>\n\t\t\t\t\t\t\t\t\t\t\t\t\t<\/div>\n\t\t\t\t<\/div>\n\t\t\t\t<\/div>\n\t\t\t\t\t\t<\/div>\n\t\t\t\t\t<\/div>\n\t\t<\/div>\n\t\t\t\t\t\t\t\t<\/div>\n\t\t\t\t\t<\/div>\n\t\t<\/section>\n\t\t\t\t<section class=\"elementor-section elementor-top-section elementor-element elementor-element-981c27d elementor-section-content-middle elementor-section-boxed elementor-section-height-default elementor-section-height-default\" data-id=\"981c27d\" data-element_type=\"section\" data-settings=\"{&quot;background_background&quot;:&quot;classic&quot;}\">\n\t\t\t\t\t\t\t<div class=\"elementor-background-overlay\"><\/div>\n\t\t\t\t\t\t\t<div class=\"elementor-container elementor-column-gap-no\">\n\t\t\t\t\t\t\t<div class=\"elementor-row\">\n\t\t\t\t\t<div class=\"elementor-column elementor-col-100 elementor-top-column elementor-element elementor-element-1831b66\" data-id=\"1831b66\" data-element_type=\"column\">\n\t\t\t<div class=\"elementor-column-wrap elementor-element-populated\">\n\t\t\t\t\t\t\t<div class=\"elementor-widget-wrap\">\n\t\t\t\t\t\t<div class=\"elementor-element elementor-element-e50b5bd elementor-position-top elementor-vertical-align-top elementor-widget elementor-widget-image-box\" data-id=\"e50b5bd\" data-element_type=\"widget\" data-widget_type=\"image-box.default\">\n\t\t\t\t<div class=\"elementor-widget-container\">\n\t\t\t<div class=\"elementor-image-box-wrapper\"><div class=\"elementor-image-box-content\"><h2 class=\"elementor-image-box-title\">A\u00e7\u00e3o Solid\u00e1ria<\/h2><p class=\"elementor-image-box-description\">A\u00e7\u00e3o Solid\u00e1ria que \u00e9 realidade todas segundas-feiras , aos moradores de rua da regi\u00e3o.<br>Entrega de cestas b\u00e1sicas realizada pela Par\u00f3quia.<\/p><\/div><\/div>\t\t<\/div>\n\t\t\t\t<\/div>\n\t\t\t\t<div class=\"elementor-element elementor-element-f44f54a elementor-pagination-position-outside elementor-widget elementor-widget-image-carousel\" data-id=\"f44f54a\" data-element_type=\"widget\" data-settings=\"{&quot;slides_to_show&quot;:&quot;3&quot;,&quot;slides_to_scroll&quot;:&quot;1&quot;,&quot;navigation&quot;:&quot;dots&quot;,&quot;slides_to_show_tablet&quot;:&quot;2&quot;,&quot;slides_to_show_mobile&quot;:&quot;1&quot;,&quot;autoplay&quot;:&quot;no&quot;,&quot;infinite&quot;:&quot;yes&quot;,&quot;speed&quot;:500,&quot;image_spacing_custom&quot;:{&quot;unit&quot;:&quot;px&quot;,&quot;size&quot;:20,&quot;sizes&quot;:[]}}\" data-widget_type=\"image-carousel.default\">\n\t\t\t\t<div class=\"elementor-widget-container\">\n\t\t\t\t\t<div class=\"elementor-image-carousel-wrapper swiper-container\" dir=\"ltr\">\n\t\t\t<div class=\"elementor-image-carousel swiper-wrapper swiper-image-stretch\">\n\t\t\t\t\t\t\t\t<div class=\"swiper-slide\"><figure class=\"swiper-slide-inner\"><img decoding=\"async\" class=\"swiper-slide-image\" src=\"https:\/\/paroquiasaogeraldo.org.br\/wp-content\/uploads\/elementor\/thumbs\/272130720_4506924839416551_436988723935805863_n-pkxyz4lid4qtdgpql7idwsgouxj7jjwj949ylokg0o.jpg\" alt=\"A\u00e7\u00e3o Solid\u00e1ria\" \/><\/figure><\/div><div class=\"swiper-slide\"><figure class=\"swiper-slide-inner\"><img decoding=\"async\" class=\"swiper-slide-image\" src=\"https:\/\/paroquiasaogeraldo.org.br\/wp-content\/uploads\/elementor\/thumbs\/272120122_4506924829416552_410729154620598358_n-pkxyz3no6apj1ur3qp3rcap89jnubusswzmh4elu6w.jpg\" alt=\"A\u00e7\u00e3o Solid\u00e1ria\" \/><\/figure><\/div><div class=\"swiper-slide\"><figure class=\"swiper-slide-inner\"><img decoding=\"async\" class=\"swiper-slide-image\" src=\"https:\/\/paroquiasaogeraldo.org.br\/wp-content\/uploads\/elementor\/thumbs\/272118273_4506924836083218_1914249345505103895_n-pkxyz2ptzgo8q8sgw6p4rsxro5sh45p2kuyzn4n8d4.jpg\" alt=\"A\u00e7\u00e3o Solid\u00e1ria\" \/><\/figure><\/div><div class=\"swiper-slide\"><figure class=\"swiper-slide-inner\"><img decoding=\"async\" class=\"swiper-slide-image\" src=\"https:\/\/paroquiasaogeraldo.org.br\/wp-content\/uploads\/elementor\/thumbs\/269887923_4413560065419696_5519857342455325753_n-pkxyz1rzsmmyemtu1oai7b6b2rx3wglc8qbi5uomjc.jpg\" alt=\"Entrega de cestas b\u00e1sicas\" \/><\/figure><\/div><div class=\"swiper-slide\"><figure class=\"swiper-slide-inner\"><img decoding=\"async\" class=\"swiper-slide-image\" src=\"https:\/\/paroquiasaogeraldo.org.br\/wp-content\/uploads\/elementor\/thumbs\/269715119_4413560085419694_3432056657260916351_n-pkxyz0u5lslo30v775vvmteuhe1qorhlwlo0okq0pk.jpg\" alt=\"Entrega de cestas b\u00e1sicas\" \/><\/figure><\/div><div class=\"swiper-slide\"><figure class=\"swiper-slide-inner\"><img decoding=\"async\" class=\"swiper-slide-image\" src=\"https:\/\/paroquiasaogeraldo.org.br\/wp-content\/uploads\/elementor\/thumbs\/267913452_4375841012524935_6157976193517578628_n-pkxyyx2suggisl0nt49dcud03uk9tz2ok322rgvleg.jpg\" alt=\"A\u00e7\u00e3o Solid\u00e1ria\" \/><\/figure><\/div><div class=\"swiper-slide\"><figure class=\"swiper-slide-inner\"><img decoding=\"async\" class=\"swiper-slide-image\" src=\"https:\/\/paroquiasaogeraldo.org.br\/wp-content\/uploads\/elementor\/thumbs\/267847308_4375841022524934_1643729885584196836_n-pkxyyv74gsdy5d3e43g47uu2x2tjekv7vtr3swydqw.jpg\" alt=\"A\u00e7\u00e3o Solid\u00e1ria\" \/><\/figure><\/div><div class=\"swiper-slide\"><figure class=\"swiper-slide-inner\"><img decoding=\"async\" class=\"swiper-slide-image\" src=\"https:\/\/paroquiasaogeraldo.org.br\/wp-content\/uploads\/elementor\/thumbs\/267735694_4375841029191600_6294488021367055470_n-pkxyyu9a9ycntr4r9l1hnd2mboy66vrhjp3mbmzrx4.jpg\" alt=\"A\u00e7\u00e3o Solid\u00e1ria\" \/><\/figure><\/div><div class=\"swiper-slide\"><figure class=\"swiper-slide-inner\"><img decoding=\"async\" class=\"swiper-slide-image\" src=\"https:\/\/paroquiasaogeraldo.org.br\/wp-content\/uploads\/elementor\/thumbs\/267725831_4375841032524933_8142251317636453442_n-pkxyysdlwaa36j7hkk88idjp4x7frhk0vfsnd32k9k.jpg\" alt=\"A\u00e7\u00e3o Solid\u00e1ria\" \/><\/figure><\/div><div class=\"swiper-slide\"><figure class=\"swiper-slide-inner\"><img decoding=\"async\" class=\"swiper-slide-image\" src=\"https:\/\/paroquiasaogeraldo.org.br\/wp-content\/uploads\/elementor\/thumbs\/267716076_4375841019191601_2483906385107663900_n-pkxyyrfrpg8sux8uq1tlxvs8jjc2jsgajb55vt3yfs.jpg\" alt=\"A\u00e7\u00e3o Solid\u00e1ria\" \/><\/figure><\/div><div class=\"swiper-slide\"><figure class=\"swiper-slide-inner\"><img decoding=\"async\" class=\"swiper-slide-image\" src=\"https:\/\/paroquiasaogeraldo.org.br\/wp-content\/uploads\/elementor\/thumbs\/267669591_4375841009191602_296530975919525959_n-1-pkxyyqhxim7ijba7vjezde0ry5gpc3ck76hoej5cm0.jpg\" alt=\"A\u00e7\u00e3o Solid\u00e1ria\" \/><\/figure><\/div><div class=\"swiper-slide\"><figure class=\"swiper-slide-inner\"><img decoding=\"async\" class=\"swiper-slide-image\" src=\"https:\/\/paroquiasaogeraldo.org.br\/wp-content\/uploads\/elementor\/thumbs\/247348851_4199486673493704_3903483210186920948_n-pkxyybgih9mxdjw2bcwy9htefzitwxout41wq3rndk.jpg\" alt=\"A\u00e7\u00e3o Solid\u00e1ria\" \/><\/figure><\/div><div class=\"swiper-slide\"><figure class=\"swiper-slide-inner\"><img decoding=\"async\" class=\"swiper-slide-image\" src=\"https:\/\/paroquiasaogeraldo.org.br\/wp-content\/uploads\/elementor\/thumbs\/248977578_4220790568029981_3145626087950647523_n-1-pkxyydc6uxpi0rtc0dq7ehcbmr9kcbwbhdcvonov14.jpg\" alt=\"A\u00e7\u00e3o Solid\u00e1ria\" \/><\/figure><\/div><div class=\"swiper-slide\"><figure class=\"swiper-slide-inner\"><img decoding=\"async\" class=\"swiper-slide-image\" src=\"https:\/\/paroquiasaogeraldo.org.br\/wp-content\/uploads\/elementor\/thumbs\/247092317_4220790554696649_175517390592396622_n-pkxyyaioafln1xxfguibp01xulngp8l4gzef8tt1js.jpg\" alt=\"A\u00e7\u00e3o Solid\u00e1ria\" \/><\/figure><\/div><div class=\"swiper-slide\"><figure class=\"swiper-slide-inner\"><img decoding=\"async\" class=\"swiper-slide-image\" src=\"https:\/\/paroquiasaogeraldo.org.br\/wp-content\/uploads\/elementor\/thumbs\/246773092_4220790558029982_3854623595767740323_n-pkxyy9ku3lkcqbysmc3p4iah97s3hjhe4uqxrjufq0.jpg\" alt=\"A\u00e7\u00e3o Solid\u00e1ria\" \/><\/figure><\/div><div class=\"swiper-slide\"><figure class=\"swiper-slide-inner\"><img decoding=\"async\" class=\"swiper-slide-image\" src=\"https:\/\/paroquiasaogeraldo.org.br\/wp-content\/uploads\/elementor\/thumbs\/241527435_4220790561363315_707167533667241209_n-pkxyy8mzwrj2eq05rtp2k0j0ntwq9udnsq3ga9vtw8.jpg\" alt=\"A\u00e7\u00e3o Solid\u00e1ria\" \/><\/figure><\/div><div class=\"swiper-slide\"><figure class=\"swiper-slide-inner\"><img decoding=\"async\" class=\"swiper-slide-image\" src=\"https:\/\/paroquiasaogeraldo.org.br\/wp-content\/uploads\/elementor\/thumbs\/269822786_4413560072086362_5188671363983607836_n-pkqxlsmyfybu0pyirgniziz2yjf352uhuprwfwuw48.jpg\" alt=\"Doa\u00e7\u00f5es de cestas b\u00e1sicas\" \/><\/figure><\/div><div class=\"swiper-slide\"><figure class=\"swiper-slide-inner\"><img decoding=\"async\" class=\"swiper-slide-image\" src=\"https:\/\/paroquiasaogeraldo.org.br\/wp-content\/uploads\/elementor\/thumbs\/267669591_4375841009191602_296530975919525959_n-pkqxliaqcrxoh0djfu6mq3l0fau1sepg5alk5va80o.jpg\" alt=\"A\u00e7\u00e3o Solid\u00e1ria\" \/><\/figure><\/div><div class=\"swiper-slide\"><figure class=\"swiper-slide-inner\"><img decoding=\"async\" class=\"swiper-slide-image\" src=\"https:\/\/paroquiasaogeraldo.org.br\/wp-content\/uploads\/elementor\/thumbs\/248977578_4220790568029981_3145626087950647523_n-pkqxlhcw5xwe5eewlbs05ltjtwyokplpt5y2olbm6w.jpg\" alt=\"A\u00e7\u00e3o Solid\u00e1ria\" \/><\/figure><\/div><div class=\"swiper-slide\"><figure class=\"swiper-slide-inner\"><img decoding=\"async\" class=\"swiper-slide-image\" src=\"https:\/\/paroquiasaogeraldo.org.br\/wp-content\/uploads\/elementor\/thumbs\/232557439_3959474894161551_2021763725850228931_n-pkqxlgf1z3v3tsg9qtddl4238j3bd0hzh1al7bd0d4.jpg\" alt=\"A\u00e7\u00e3o Solid\u00e1ria\" \/><\/figure><\/div>\t\t\t<\/div>\n\t\t\t\t\t\t\t\t\t\t\t\t<div class=\"swiper-pagination\"><\/div>\n\t\t\t\t\t\t\t\t\t\t\t\t\t<\/div>\n\t\t\t\t<\/div>\n\t\t\t\t<\/div>\n\t\t\t\t\t\t<\/div>\n\t\t\t\t\t<\/div>\n\t\t<\/div>\n\t\t\t\t\t\t\t\t<\/div>\n\t\t\t\t\t<\/div>\n\t\t<\/section>\n\t\t\t\t<section class=\"elementor-section elementor-top-section elementor-element elementor-element-87bd9b1 elementor-section-content-middle elementor-section-boxed elementor-section-height-default elementor-section-height-default\" data-id=\"87bd9b1\" data-element_type=\"section\">\n\t\t\t\t\t\t\t<div class=\"elementor-background-overlay\"><\/div>\n\t\t\t\t\t\t\t<div class=\"elementor-container elementor-column-gap-no\">\n\t\t\t\t\t\t\t<div class=\"elementor-row\">\n\t\t\t\t\t<div class=\"elementor-column elementor-col-100 elementor-top-column elementor-element elementor-element-59d9374\" data-id=\"59d9374\" data-element_type=\"column\">\n\t\t\t<div class=\"elementor-column-wrap elementor-element-populated\">\n\t\t\t\t\t\t\t<div class=\"elementor-widget-wrap\">\n\t\t\t\t\t\t<div class=\"elementor-element elementor-element-5c4ab15 elementor-position-top elementor-vertical-align-top elementor-widget elementor-widget-image-box\" data-id=\"5c4ab15\" data-element_type=\"widget\" data-widget_type=\"image-box.default\">\n\t\t\t\t<div class=\"elementor-widget-container\">\n\t\t\t<div class=\"elementor-image-box-wrapper\"><div class=\"elementor-image-box-content\"><h2 class=\"elementor-image-box-title\">Apostolado de ora\u00e7\u00e3o<\/h2><p class=\"elementor-image-box-description\">Membros do Apostolado da Ora\u00e7\u00e3o da Par\u00f3quia S\u00e3o Geraldo.<br>Paix\u00e3o e devo\u00e7\u00e3o ao cora\u00e7\u00e3o de Jesus.<\/p><\/div><\/div>\t\t<\/div>\n\t\t\t\t<\/div>\n\t\t\t\t<div class=\"elementor-element elementor-element-98fce67 elementor-pagination-position-outside elementor-widget elementor-widget-image-carousel\" data-id=\"98fce67\" data-element_type=\"widget\" data-settings=\"{&quot;slides_to_show&quot;:&quot;3&quot;,&quot;slides_to_scroll&quot;:&quot;1&quot;,&quot;navigation&quot;:&quot;dots&quot;,&quot;slides_to_show_tablet&quot;:&quot;2&quot;,&quot;slides_to_show_mobile&quot;:&quot;1&quot;,&quot;autoplay&quot;:&quot;no&quot;,&quot;infinite&quot;:&quot;yes&quot;,&quot;speed&quot;:500,&quot;image_spacing_custom&quot;:{&quot;unit&quot;:&quot;px&quot;,&quot;size&quot;:20,&quot;sizes&quot;:[]}}\" data-widget_type=\"image-carousel.default\">\n\t\t\t\t<div class=\"elementor-widget-container\">\n\t\t\t\t\t<div class=\"elementor-image-carousel-wrapper swiper-container\" dir=\"ltr\">\n\t\t\t<div class=\"elementor-image-carousel swiper-wrapper swiper-image-stretch\">\n\t\t\t\t\t\t\t\t<div class=\"swiper-slide\"><figure class=\"swiper-slide-inner\"><img decoding=\"async\" class=\"swiper-slide-image\" src=\"https:\/\/paroquiasaogeraldo.org.br\/wp-content\/uploads\/elementor\/thumbs\/262848535_4345230785585958_3555802689237128657_n-pkxyymqkra2d8vfohhsh3eyxklz8haxmunvqhfaxaw.jpg\" alt=\"Apostolado da Ora\u00e7\u00e3o\" \/><\/figure><\/div>\t\t\t<\/div>\n\t\t\t\t\t<\/div>\n\t\t\t\t<\/div>\n\t\t\t\t<\/div>\n\t\t\t\t\t\t<\/div>\n\t\t\t\t\t<\/div>\n\t\t<\/div>\n\t\t\t\t\t\t\t\t<\/div>\n\t\t\t\t\t<\/div>\n\t\t<\/section>\n\t\t\t\t\t\t<\/div>\n\t\t\t\t\t\t<\/div>\n\t\t\t\t\t<\/div>\n\t\t","protected":false},"excerpt":{"rendered":"<p>Galeria de fotos Grupo de catequese Alguns registros das Catequista de Nossa Par\u00f3quia junto com as crian\u00e7as do grupo de Catequese. A\u00e7\u00e3o Solid\u00e1ria A\u00e7\u00e3o Solid\u00e1ria que \u00e9 realidade todas segundas-feiras , aos moradores de rua da regi\u00e3o.Entrega de cestas b\u00e1sicas realizada pela Par\u00f3quia. Apostolado de ora\u00e7\u00e3o Membros do Apostolado da Ora\u00e7\u00e3o da Par\u00f3quia S\u00e3o Geraldo.Paix\u00e3o &hellip;<\/p>\n<p class=\"read-more\"> <a class=\"\" href=\"https:\/\/paroquiasaogeraldo.org.br\/?page_id=724\"> <span class=\"screen-reader-text\">Projects<\/span> Leia mais &raquo;<\/a><\/p>\n","protected":false},"author":1,"featured_media":0,"parent":0,"menu_order":0,"comment_status":"closed","ping_status":"closed","template":"","meta":{"site-sidebar-layout":"no-sidebar","site-content-layout":"page-builder","ast-main-header-display":"","ast-hfb-above-header-display":"","ast-hfb-below-header-display":"","ast-hfb-mobile-header-display":"","site-post-title":"disabled","ast-breadcrumbs-content":"","ast-featured-img":"disabled","footer-sml-layout":"","theme-transparent-header-meta":"enabled","adv-header-id-meta":"","stick-header-meta":"","header-above-stick-meta":"","header-main-stick-meta":"","header-below-stick-meta":"","footnotes":""},"class_list":["post-724","page","type-page","status-publish","hentry"],"_links":{"self":[{"href":"https:\/\/paroquiasaogeraldo.org.br\/index.php?rest_route=\/wp\/v2\/pages\/724","targetHints":{"allow":["GET"]}}],"collection":[{"href":"https:\/\/paroquiasaogeraldo.org.br\/index.php?rest_route=\/wp\/v2\/pages"}],"about":[{"href":"https:\/\/paroquiasaogeraldo.org.br\/index.php?rest_route=\/wp\/v2\/types\/page"}],"author":[{"embeddable":true,"href":"https:\/\/paroquiasaogeraldo.org.br\/index.php?rest_route=\/wp\/v2\/users\/1"}],"replies":[{"embeddable":true,"href":"https:\/\/paroquiasaogeraldo.org.br\/index.php?rest_route=%2Fwp%2Fv2%2Fcomments&post=724"}],"version-history":[{"count":4,"href":"https:\/\/paroquiasaogeraldo.org.br\/index.php?rest_route=\/wp\/v2\/pages\/724\/revisions"}],"predecessor-version":[{"id":807,"href":"https:\/\/paroquiasaogeraldo.org.br\/index.php?rest_route=\/wp\/v2\/pages\/724\/revisions\/807"}],"wp:attachment":[{"href":"https:\/\/paroquiasaogeraldo.org.br\/index.php?rest_route=%2Fwp%2Fv2%2Fmedia&parent=724"}],"curies":[{"name":"wp","href":"https:\/\/api.w.org\/{rel}","templated":true}]}}